{"id":31636,"date":"2018-09-25T07:31:36","date_gmt":"2018-09-25T07:31:36","guid":{"rendered":"http:\/\/democontent.codex-themes.com\/thegem\/?page_id=31636"},"modified":"2021-02-16T11:19:29","modified_gmt":"2021-02-16T10:19:29","slug":"thegem-main-features","status":"publish","type":"page","link":"https:\/\/agtek.com.tn\/","title":{"rendered":"Homepage"},"content":{"rendered":"<p>[vc_row full_width=&#8221;stretch_row&#8221; full_height=&#8221;yes&#8221; columns_placement=&#8221;top&#8221; content_placement=&#8221;top&#8221; vertical_slider=&#8221;true&#8221; css=&#8221;.vc_custom_1588349246776{margin-top: -90px !important;margin-bottom: 0px !important;border-top-width: 0px !important;border-bottom-width: 0px !important;padding-top: 0px !important;}&#8221;][vc_column css=&#8221;.vc_custom_1588347359568{margin-top: 0px !important;border-top-width: 0px !important;padding-top: 0px !important;}&#8221;]\n\t\t\t<!-- START Slider 2 REVOLUTION SLIDER 6.3.6 --><p class=\"rs-p-wp-fix\"><\/p>\n\t\t\t<rs-module-wrap id=\"rev_slider_10_1_wrapper\" data-source=\"gallery\" style=\"background:transparent;padding:0;\">\n\t\t\t\t<rs-module id=\"rev_slider_10_1\" style=\"\" data-version=\"6.3.6\">\n\t\t\t\t\t<rs-slides>\n\t\t\t\t\t\t<rs-slide data-key=\"rs-12\" data-title=\"Slide\" data-anim=\"ei:d;eo:d;s:1000;r:0;t:fade;sl:0;\">\n\t\t\t\t\t\t\t<img decoding=\"async\" src=\"\/\/agtek.com.tn\/wp-content\/uploads\/2020\/04\/cattle-918644_1920.jpg\" title=\"cattle-918644_1920\" width=\"1920\" height=\"1280\" data-bg=\"p:center top;f:100% 100%;\" class=\"rev-slidebg\" data-no-retina>\n<!--\n\t\t\t\t\t\t\t--><rs-layer\n\t\t\t\t\t\t\t\tid=\"slider-10-slide-12-layer-0\" \n\t\t\t\t\t\t\t\tdata-type=\"text\"\n\t\t\t\t\t\t\t\tdata-color=\"#006633\"\n\t\t\t\t\t\t\t\tdata-rsp_ch=\"on\"\n\t\t\t\t\t\t\t\tdata-xy=\"x:c;y:m;yo:-190px,-156px,-118px,-72px;\"\n\t\t\t\t\t\t\t\tdata-text=\"w:normal;s:45,37,28,17;l:45,37,28,17;ls:1px,0px,0px,0px;fw:600;a:center;\"\n\t\t\t\t\t\t\t\tdata-dim=\"w:1258px,1038px,788px,486px;\"\n\t\t\t\t\t\t\t\tdata-frame_999=\"o:0;st:w;\"\n\t\t\t\t\t\t\t\tstyle=\"z-index:9;font-family:Arial, Helvetica, sans-serif;\"\n\t\t\t\t\t\t\t>AGTEK fournit des solutions int\u00e9gr\u00e9es con\u00e7ues pour am\u00e9liorer la qualit\u00e9 de vie des agriculteurs en augmentant leurs productions laiti\u00e8re et de viande, tout en diminuant leurs co\u00fbts d'exploitation \n\t\t\t\t\t\t\t<\/rs-layer><!--\n-->\t\t\t\t\t\t<\/rs-slide>\n\t\t\t\t\t<\/rs-slides>\n\t\t\t\t<\/rs-module>\n\t\t\t\t<script type=\"text\/javascript\">\n\t\t\t\t\tsetREVStartSize({c: 'rev_slider_10_1',rl:[1240,1024,778,480],el:[900,768,960,720],gw:[1240,1024,778,480],gh:[900,768,960,720],type:'hero',justify:'',layout:'fullscreen',offsetContainer:'',offset:'',mh:\"0\"});\n\t\t\t\t\tvar\trevapi10,\n\t\t\t\t\t\ttpj;\n\t\t\t\t\tfunction revinit_revslider101() {\n\t\t\t\t\tjQuery(function() {\n\t\t\t\t\t\ttpj = jQuery;\n\t\t\t\t\t\trevapi10 = tpj(\"#rev_slider_10_1\");\n\t\t\t\t\t\tif(revapi10==undefined || revapi10.revolution == undefined){\n\t\t\t\t\t\t\trevslider_showDoubleJqueryError(\"rev_slider_10_1\");\n\t\t\t\t\t\t}else{\n\t\t\t\t\t\t\trevapi10.revolution({\n\t\t\t\t\t\t\t\tsliderType:\"hero\",\n\t\t\t\t\t\t\t\tsliderLayout:\"fullscreen\",\n\t\t\t\t\t\t\t\tvisibilityLevels:\"1240,1024,778,480\",\n\t\t\t\t\t\t\t\tgridwidth:\"1240,1024,778,480\",\n\t\t\t\t\t\t\t\tgridheight:\"900,768,960,720\",\n\t\t\t\t\t\t\t\tautoHeight:true,\n\t\t\t\t\t\t\t\tspinner:\"spinner3\",\n\t\t\t\t\t\t\t\tperspective:600,\n\t\t\t\t\t\t\t\tperspectiveType:\"local\",\n\t\t\t\t\t\t\t\teditorheight:\"900,768,960,720\",\n\t\t\t\t\t\t\t\tresponsiveLevels:\"1240,1024,778,480\",\n\t\t\t\t\t\t\t\tprogressBar:{disableProgressBar:true},\n\t\t\t\t\t\t\t\tnavigation: {\n\t\t\t\t\t\t\t\t\tonHoverStop:false\n\t\t\t\t\t\t\t\t},\n\t\t\t\t\t\t\t\tfallbacks: {\n\t\t\t\t\t\t\t\t\tallowHTML5AutoPlayOnAndroid:true\n\t\t\t\t\t\t\t\t},\n\t\t\t\t\t\t\t});\n\t\t\t\t\t\t}\n\t\t\t\t\t\t\n\t\t\t\t\t});\n\t\t\t\t\t} \/\/ End of RevInitScript\n\t\t\t\tvar once_revslider101 = false;\n\t\t\t\tif (document.readyState === \"loading\") {document.addEventListener('readystatechange',function() { if((document.readyState === \"interactive\" || document.readyState === \"complete\") && !once_revslider101 ) { once_revslider101 = true; revinit_revslider101();}});} else {once_revslider101 = true; revinit_revslider101();}\n\t\t\t\t<\/script>\n\t\t\t\t<script>\n\t\t\t\t\tvar htmlDivCss = '\t#rev_slider_10_1_wrapper rs-loader.spinner3 div { background-color: #ffffff !important; } ';\n\t\t\t\t\tvar htmlDiv = document.getElementById('rs-plugin-settings-inline-css');\n\t\t\t\t\tif(htmlDiv) {\n\t\t\t\t\t\thtmlDiv.innerHTML = htmlDiv.innerHTML + htmlDivCss;\n\t\t\t\t\t}else{\n\t\t\t\t\t\tvar htmlDiv = document.createElement('div');\n\t\t\t\t\t\thtmlDiv.innerHTML = '<style>' + htmlDivCss + '<\/style>';\n\t\t\t\t\t\tdocument.getElementsByTagName('head')[0].appendChild(htmlDiv.childNodes[0]);\n\t\t\t\t\t}\n\t\t\t\t<\/script>\n\t\t\t<\/rs-module-wrap>\n\t\t\t<!-- END REVOLUTION SLIDER -->\n[\/vc_column][\/vc_row][vc_row][vc_column]<div class=\"clearboth\"><\/div><div class=\"gem-divider \" style=\"\"><\/div>[\/vc_column][\/vc_row][vc_row full_width=&#8221;stretch_row&#8221;][vc_column width=&#8221;1\/2&#8243; css=&#8221;.vc_custom_1587493673901{margin-top: 10px !important;}&#8221;][vc_column_text]<\/p>\n<h4><span style=\"color: #006633;\"><strong>WiFeeder : Syst\u00e8me de distribution automatique de concentr\u00e9<\/strong><\/span><\/h4>\n<p>[\/vc_column_text][vc_column_text]Wifeeder est un syst\u00e8me de distribution automatique de rations alimentaires. En utilisant ce syst\u00e8me d&#8217;alimentation r\u00e9guli\u00e8re et fr\u00e9quente, vous optimisez la gestion des aliments et am\u00e9liorez \u00e9galement la sant\u00e9, la reproduction et la productivit\u00e9 du troupeau.<br \/>\nAvec Wifeeder\u2122 I, vous pouvez automatiser votre distribution d\u2019aliments d\u00e8s aujourd\u2019hui.[\/vc_column_text]<div class=\"gem-button-container gem-button-position-right\"><a title=\"Alimentation de pr\u00e9cision\" class=\"gem-button gem-button-size-small gem-button-style-flat gem-button-text-weight-normal gem-button-no-uppercase\" style=\"border-radius: 3px;background-color: #545454;background: radial-gradient(at top, , );\" onmouseleave=\"this.style.backgroundColor='#545454';this.style.background='radial-gradient(at top ,  , )';\" onmouseenter=\"this.style.backgroundColor='#b5b5b5';this.style.background='radial-gradient(at top ,  , )';\" href=\"http:\/\/agtek.com.tn\/index.php\/alimentation-de-precision\/\" target=\"_self\">En savoir plus<\/a><\/div> [\/vc_column][vc_column width=&#8221;1\/2&#8243;][vc_single_image image=&#8221;32798&#8243; img_size=&#8221;large&#8221;][\/vc_column][\/vc_row][vc_row][vc_column]<div class=\"clearboth\"><\/div><div class=\"gem-divider \" style=\"\"><\/div>[\/vc_column][\/vc_row][vc_row full_width=&#8221;stretch_row&#8221; css=&#8221;.vc_custom_1587775792689{background-color: #ededed !important;background-position: center !important;background-repeat: no-repeat !important;background-size: contain !important;}&#8221;][vc_column width=&#8221;1\/2&#8243;][vc_single_image image=&#8221;32796&#8243; img_size=&#8221;large&#8221;][\/vc_column][vc_column width=&#8221;1\/2&#8243;][vc_column_text]<\/p>\n<h4><span style=\"color: #006633;\"><strong>AG<\/strong><strong>PRO <\/strong><strong style=\"letter-spacing: 0.05em;\">: Application de gestion de troupeau ais\u00e9e et \u00e0 distance<\/strong><\/span><\/h4>\n<p>[\/vc_column_text][vc_column_text]<span style=\"color: #333333;\">Le logiciel de gestion AGPRO permet aux administrateurs de fermes et troupeaux d&#8217;avoir un contr\u00f4le complet et \u00e0 distance de leurs ressources et troupeaux.<\/span><\/p>\n<p><span style=\"color: #333333;\">Une application Web et une application mobile Android sont utilis\u00e9es pour minimiser l&#8217;implication de l&#8217;homme et servent \u00e0 administrer, contr\u00f4ler et surveiller les troupeaux \u00e0 distance.<\/span><\/p>\n<p><span style=\"color: #333333;\">En constante \u00e9volution, l&#8217;\u00e9cosyst\u00e8me AGPRO permet une visibilit\u00e9 compl\u00e8te du troupeau avec des mises \u00e0 jour du logiciel en un clic, des alertes r\u00e9seau et des rapports d&#8217;utilisation.<\/span>[\/vc_column_text]<div class=\"gem-button-container gem-button-position-right\"><a class=\"gem-button gem-button-size-small gem-button-style-flat gem-button-text-weight-normal gem-button-no-uppercase\" style=\"border-radius: 3px;background-color: #545454;background: radial-gradient(at top, , );\" onmouseleave=\"this.style.backgroundColor='#545454';this.style.background='radial-gradient(at top ,  , )';\" onmouseenter=\"this.style.backgroundColor='#b5b5b5';this.style.background='radial-gradient(at top ,  , )';\" href=\"#\" target=\"_self\">En savoir plus<\/a><\/div> [\/vc_column][\/vc_row][vc_row custom_css_code=&#8221;LmJsb2ctc3R5bGUtY29tcGFjdCUyMGFydGljbGUlMjAucG9zdC10aXRsZSUyMGg1JTIwc3BhbiUyMCU3QiUwQSUyMCUyMCUyMCUyMGZvbnQtZmFtaWx5JTNBJTIwJTI3TW9udHNlcnJhdCUyNyUzQiUwQSUyMCUyMCUyMCUyMGZvbnQtd2VpZ2h0JTNBJTIwNzAwJTNCJTBBJTIwJTIwJTIwJTIwdGV4dC10cmFuc2Zvcm0lM0ElMjBub25lJTNCJTBBJTdEJTBBJTQwbWVkaWElMjAlMjhtYXgtd2lkdGglM0ElMjAxMTk5cHglMjklMjAlN0IlMEElMjAlMjAlMjAlMjAucm93JTIwJTNFJTIwJTJBJTIwJTdCJTBBJTIwJTIwJTIwJTIwJTIwJTIwJTIwJTIwbWFyZ2luLXRvcCUzQSUyMDAlM0IlMEElMjAlMjAlMjAlMjAlN0QlMEElN0Q=&#8221;][vc_column][vc_custom_heading text=&#8221;Derni\u00e8res actualit\u00e9s&#8221; font_container=&#8221;tag:h2|text_align:center|color:%23006633&#8243; use_theme_fonts=&#8221;yes&#8221;][vc_row_inner][vc_column_inner width=&#8221;1\/2&#8243;]<div class=\"preloader\"><div class=\"preloader-spin\"><\/div><\/div> <div class=\"portfolio-preloader-wrapper\"> <div data-per-page=\"8\" data-portfolio-uid=\"291ade5\" class=\"portfolio news-grid no-padding portfolio-pagination-normal portfolio-style-masonry background-style-transparent title-style-light hover-new-circular item-animation-move-up title-on-hover version-new hover-title portfolio-items-masonry columns-2\" data-hover=\"circular\" > <div class=\"\"> <div class=\"row\" style=\"margin: -21px;\"> <div class=\"portfolio-set clearfix\" data-max-row-height=\"380\"> <div class=\"portfolio-item blogs-01 col-xs-12 double-item double-item-horizontal item-animations-not-inited post-hide-categories post-has-author post-1688 post type-post status-publish format-standard has-post-thumbnail category-blogs-01\" style=\"padding: 21px;\" data-default-sort=\"0\" data-sort-date=\"1586002080\"> <div class=\"wrap clearfix\"> <div class=\"image post-1688 post type-post status-publish format-standard has-post-thumbnail category-blogs-01\"> <div class=\"image-inner\"> <div class=\"post-featured-content\"><a href=\"https:\/\/agtek.com.tn\/index.php\/2020\/04\/04\/partenariat-fmbc\/\"> <picture> <img decoding=\"async\" src=\"https:\/\/agtek.com.tn\/wp-content\/uploads\/2020\/04\/partenariat-fmbc-e1587728755262.jpg\" width=\"480\" height=\"360\" class=\"img-responsive\" alt=\"partenariat-fmbc\" \/> <\/picture> <\/a><\/div> <\/div> <div class=\"overlay\"> <div class=\"overlay-circle\"><\/div> <div class=\"links-wrapper\"> <div class=\"links\"> <div class=\"caption\"> <a href=\"https:\/\/agtek.com.tn\/index.php\/2020\/04\/04\/partenariat-fmbc\/\" class=\"portolio-item-link\"><\/a> <div class=\"slide-content\"> <div class=\"slide-content-visible\"> <div class=\"post-date\">4 April 2020<\/div> <div class=\"title\"> <div class=\"title-h5\">AGTEK et la ferme Mohamed Ben Chiboub annoncent leur partenariat<\/div> <\/div> <\/div> <div class=\"slide-content-hidden\"> <div class=\"author\"> <span class=\"author-avatar\"><img alt='' src='https:\/\/secure.gravatar.com\/avatar\/1eef05807c7d2e9627440552a0fb2b98f089955559874fefe18cc46004af228f?s=50&#038;d=mm&#038;r=g' srcset='https:\/\/secure.gravatar.com\/avatar\/1eef05807c7d2e9627440552a0fb2b98f089955559874fefe18cc46004af228f?s=100&#038;d=mm&#038;r=g 2x' class='avatar avatar-50 photo' height='50' width='50' \/><\/span> <span class=\"author-name\">By agtek<\/span> <\/div> <div class=\"description\"> <div class=\"subtitle\"> <p>selon lequel AGTEK \u00e9quiperait la ferme d&#8217;un ensemble de distributeurs automatiques de concentr\u00e9 de type Wifeeder I pour engraissement bovin, et du syst\u00e8me AGTEK Body Condition Scoring (ACS) pour le troupeau de vaches laiti\u00e8res de la ferme.<\/p> <\/div> <\/div> <div class=\"grid-post-meta clearfix without-likes\"> <div class=\"grid-post-meta-inner\"> <div class=\"grid-post-share\"> <a href=\"javascript: void(0);\" class=\"icon share\"><\/a> <\/div> <div class=\"grid-post-meta-comments-likes\"> <\/div> <div class=\"portfolio-sharing-pane\"> <div class=\"socials-sharing socials socials-colored-hover \"> <a class=\"socials-item\" target=\"_blank\" href=\"https:\/\/www.facebook.com\/sharer\/sharer.php?u=https%3A%2F%2Fagtek.com.tn%2Findex.php%2F2020%2F04%2F04%2Fpartenariat-fmbc%2F\" title=\"Facebook\"><i class=\"socials-item-icon facebook\"><\/i><\/a> <a class=\"socials-item\" target=\"_blank\" href=\"https:\/\/twitter.com\/intent\/tweet?text=AGTEK+et+la+ferme+Mohamed+Ben+Chiboub+annoncent+leur+partenariat&#038;url=https%3A%2F%2Fagtek.com.tn%2Findex.php%2F2020%2F04%2F04%2Fpartenariat-fmbc%2F\" title=\"Twitter\"><i class=\"socials-item-icon twitter\"><\/i><\/a> <a class=\"socials-item\" target=\"_blank\" href=\"https:\/\/pinterest.com\/pin\/create\/button\/?url=https%3A%2F%2Fagtek.com.tn%2Findex.php%2F2020%2F04%2F04%2Fpartenariat-fmbc%2F&#038;description=AGTEK+et+la+ferme+Mohamed+Ben+Chiboub+annoncent+leur+partenariat&#038;media=https%3A%2F%2Fagtek.com.tn%2Fwp-content%2Fuploads%2F2020%2F04%2Fpartenariat-fmbc-e1587728755262.jpg\" title=\"Pinterest\"><i class=\"socials-item-icon pinterest\"><\/i><\/a> <a class=\"socials-item\" target=\"_blank\" href=\"http:\/\/tumblr.com\/widgets\/share\/tool?canonicalUrl=https%3A%2F%2Fagtek.com.tn%2Findex.php%2F2020%2F04%2F04%2Fpartenariat-fmbc%2F\" title=\"Tumblr\"><i class=\"socials-item-icon tumblr\"><\/i><\/a> <a class=\"socials-item\" target=\"_blank\" href=\"https:\/\/www.linkedin.com\/shareArticle?mini=true&#038;url=https%3A%2F%2Fagtek.com.tn%2Findex.php%2F2020%2F04%2F04%2Fpartenariat-fmbc%2F&#038;title=AGTEK+et+la+ferme+Mohamed+Ben+Chiboub+annoncent+leur+partenariat&amp;summary=selon+lequel+AGTEK+%C3%A9quiperait+la+ferme+d%27un+ensemble+de+distributeurs+automatiques+de+concentr%C3%A9+de+type+Wifeeder+I+pour+engraissement+bovin%2C+et+du+syst%C3%A8me+AGTEK+Body+Condition+Scoring+%28ACS%29+pour+le+troupeau+de+vaches+laiti%C3%A8res+de+la+ferme.\" title=\"LinkedIn\"><i class=\"socials-item-icon linkedin\"><\/i><\/a> <a class=\"socials-item\" target=\"_blank\" href=\"https:\/\/www.reddit.com\/submit?url=https%3A%2F%2Fagtek.com.tn%2Findex.php%2F2020%2F04%2F04%2Fpartenariat-fmbc%2F&#038;title=AGTEK+et+la+ferme+Mohamed+Ben+Chiboub+annoncent+leur+partenariat\" title=\"Reddit\"><i class=\"socials-item-icon reddit\"><\/i><\/a> <\/div> <\/div> <\/div> <\/div> <\/div> <\/div> <\/div> <\/div> <\/div> <\/div> <\/div> <\/div> <\/div> <\/div><!-- .portflio-set --> <div class=\"portfolio-item-size-container\"> <div class=\"portfolio-item blogs-01 col-sm-6 col-xs-12 item-animations-not-inited post-hide-categories post-has-author post-1688 post type-post status-publish format-standard has-post-thumbnail category-blogs-01\"> <\/div> <\/div> <\/div><!-- .row--> <div class=\"portfolio-navigator gem-pagination\"> <\/div> <\/div><!-- .full-width --> <\/div><!-- .portfolio--> <\/div><!-- .portfolio-preloader-wrapper-->[\/vc_column_inner][vc_column_inner width=&#8221;1\/2&#8243;]<div class=\"blog blog-style-compact clearfix item-animation-move-up\" data-next-page=\"0\"> <article id=\"post-1828\" class=\"no-image item-animations-not-inited clearfix post-1828 post type-post status-publish format-standard has-post-thumbnail category-actualites\"> <div class=\"gem-compact-item-left\"> <div class=\"gem-compact-item-image\"> <a class=\"default\" href=\"https:\/\/agtek.com.tn\/index.php\/2020\/03\/15\/lancement-mini-silo\/\"><img decoding=\"async\" width=\"366\" height=\"296\" src=\"https:\/\/agtek.com.tn\/wp-content\/uploads\/2020\/04\/silo1-thegem-blog-compact.jpg\" class=\"img-responsive wp-post-image\" alt=\"silo1\" \/><\/a> <\/div> <\/div> <div class=\"gem-compact-item-right\"> <div class=\"gem-compact-item-content\"> <div class=\"post-title\"> <h5 class=\"entry-title reverse-link-color\"><a href=\"https:\/\/agtek.com.tn\/index.php\/2020\/03\/15\/lancement-mini-silo\/\" rel=\"bookmark\"><span class=\"light\">AGTEK lance son nouveau Mini Silo d&#8217;int\u00e9rieur pour stockage de concentr\u00e9<\/span><\/a><\/h5> <\/div> <div class=\"post-text\"> <div class=\"summary\"> <p>D&#8217;une capacit\u00e9 de 1 m3, le Mini Silo est adapt\u00e9 aux petites exploitations d&#8217;\u00e9levage de vaches laiti\u00e8res ou engraissement bovin.<\/p> <\/div> <\/div> <\/div> <div class=\"post-meta date-color\"> <div class=\"entry-meta clearfix gem-post-date\"> <div class=\"post-meta-right\"> <\/div> <div class=\"post-meta-left\"> <span class=\"post-meta-author\">By agtek<\/span> <\/div> <\/div><!-- .entry-meta --> <\/div> <\/div> <\/article><!-- #post-1828 --> <article id=\"post-1832\" class=\"no-image item-animations-not-inited clearfix post-1832 post type-post status-publish format-standard has-post-thumbnail category-actualites\"> <div class=\"gem-compact-item-left\"> <div class=\"gem-compact-item-image\"> <a class=\"default\" href=\"https:\/\/agtek.com.tn\/index.php\/2020\/03\/02\/farpro-mobile\/\"><img decoding=\"async\" width=\"366\" height=\"296\" src=\"https:\/\/agtek.com.tn\/wp-content\/uploads\/2020\/03\/Free_iPhone_11_Pro_Mockup_3-scaled-thegem-blog-compact.jpg\" class=\"img-responsive wp-post-image\" alt=\"Free_iPhone_11_Pro_Mockup_3\" \/><\/a> <\/div> <\/div> <div class=\"gem-compact-item-right\"> <div class=\"gem-compact-item-content\"> <div class=\"post-title\"> <h5 class=\"entry-title reverse-link-color\"><a href=\"https:\/\/agtek.com.tn\/index.php\/2020\/03\/02\/farpro-mobile\/\" rel=\"bookmark\"><span class=\"light\">AGTEK lance sa nouvelle application de gestion de troupeau<\/span><\/a><\/h5> <\/div> <div class=\"post-text\"> <div class=\"summary\"> <p>AGTEK annonce la sortie de sa nouvelle application mobile de gestion de troupeau AGTEK Farm Manager FarPro\u2122 Mobile.<\/p> <\/div> <\/div> <\/div> <div class=\"post-meta date-color\"> <div class=\"entry-meta clearfix gem-post-date\"> <div class=\"post-meta-right\"> <\/div> <div class=\"post-meta-left\"> <span class=\"post-meta-author\">By agtek<\/span> <\/div> <\/div><!-- .entry-meta --> <\/div> <\/div> <\/article><!-- #post-1832 --> <article id=\"post-1830\" class=\"no-image item-animations-not-inited clearfix post-1830 post type-post status-publish format-standard has-post-thumbnail category-actualites\"> <div class=\"gem-compact-item-left\"> <div class=\"gem-compact-item-image\"> <a class=\"default\" href=\"https:\/\/agtek.com.tn\/index.php\/2019\/12\/31\/lancement-wifeeder\/\"><img decoding=\"async\" width=\"366\" height=\"296\" src=\"https:\/\/agtek.com.tn\/wp-content\/uploads\/2019\/12\/WIFEEDER-IMG-scaled-thegem-blog-compact.jpg\" class=\"img-responsive wp-post-image\" alt=\"WIFEEDER-IMG\" \/><\/a> <\/div> <\/div> <div class=\"gem-compact-item-right\"> <div class=\"gem-compact-item-content\"> <div class=\"post-title\"> <h5 class=\"entry-title reverse-link-color\"><a href=\"https:\/\/agtek.com.tn\/index.php\/2019\/12\/31\/lancement-wifeeder\/\" rel=\"bookmark\"><span class=\"light\">AGTEK pr\u00e9sente son nouveau distributeur automatique de concentr\u00e9 WiFeeder\u2122 I<\/span><\/a><\/h5> <\/div> <div class=\"post-text\"> <div class=\"summary\"> <p>Capable de servir 2 types d&#8217;aliments en m\u00eame temps : un aliment de base et un compl\u00e9ment d&#8217;alimentation. <\/p> <\/div> <\/div> <\/div> <div class=\"post-meta date-color\"> <div class=\"entry-meta clearfix gem-post-date\"> <div class=\"post-meta-right\"> <\/div> <div class=\"post-meta-left\"> <span class=\"post-meta-author\">By agtek<\/span> <\/div> <\/div><!-- .entry-meta --> <\/div> <\/div> <\/article><!-- #post-1830 --> <article id=\"post-32448\" class=\"no-image item-animations-not-inited clearfix post-32448 post type-post status-publish format-standard has-post-thumbnail category-actualites\"> <div class=\"gem-compact-item-left\"> <div class=\"gem-compact-item-image\"> <a class=\"default\" href=\"https:\/\/agtek.com.tn\/index.php\/2019\/01\/01\/meilleure-qualite-de-vie\/\"><img decoding=\"async\" width=\"366\" height=\"296\" src=\"https:\/\/agtek.com.tn\/wp-content\/uploads\/2020\/04\/agtek-thegem-blog-compact.png\" class=\"img-responsive wp-post-image\" alt=\"agtek\" \/><\/a> <\/div> <\/div> <div class=\"gem-compact-item-right\"> <div class=\"gem-compact-item-content\"> <div class=\"post-title\"> <h5 class=\"entry-title reverse-link-color\"><a href=\"https:\/\/agtek.com.tn\/index.php\/2019\/01\/01\/meilleure-qualite-de-vie\/\" rel=\"bookmark\"><span class=\"light\">Ensemble pour une meilleure qualit\u00e9 de vie dans les fermes<\/span><\/a><\/h5> <\/div> <div class=\"post-text\"> <div class=\"summary\"> <p>AGTEK\u00a0fournit des solutions int\u00e9gr\u00e9es con\u00e7ues pour am\u00e9liorer la qualit\u00e9 de vie des agriculteurs en augmentant leurs productions laiti\u00e8re et de viande, et en optimisant la consommation de l\u2019eau de leurs exploitations.<\/p> <\/div> <\/div> <\/div> <div class=\"post-meta date-color\"> <div class=\"entry-meta clearfix gem-post-date\"> <div class=\"post-meta-right\"> <\/div> <div class=\"post-meta-left\"> <span class=\"post-meta-author\">By agtek<\/span> <\/div> <\/div><!-- .entry-meta --> <\/div> <\/div> <\/article><!-- #post-32448 --> <\/div>[\/vc_column_inner][\/vc_row_inner]<div class=\"clearboth\"><\/div><div class=\"gem-divider \" style=\"margin-top: 5px;\"><\/div>[\/vc_column][\/vc_row]<\/p>\n","protected":false},"excerpt":{"rendered":"<p>[vc_row full_width=&#8221;stretch_row&#8221; full_height=&#8221;yes&#8221; columns_placement=&#8221;top&#8221; content_placement=&#8221;top&#8221; vertical_slider=&#8221;true&#8221; css=&#8221;.vc_custom_1588349246776{margin-top: -90px !important;margin-bottom: 0px !important;border-top-width: 0px !important;border-bottom-width: 0px !important;padding-top: 0px !important;}&#8221;][vc_column css=&#8221;.vc_custom_1588347359568{margin-top: 0px !important;border-top-width:&#8230;<\/p>\n","protected":false},"author":1,"featured_media":0,"parent":0,"menu_order":0,"comment_status":"closed","ping_status":"closed","template":"","meta":{"footnotes":""},"class_list":["post-31636","page","type-page","status-publish"],"yoast_head":"<!-- This site is optimized with the Yoast SEO plugin v15.8 - https:\/\/yoast.com\/wordpress\/plugins\/seo\/ -->\n<title>Homepage - AGTEK<\/title>\n<meta name=\"robots\" content=\"index, follow, max-snippet:-1, max-image-preview:large, max-video-preview:-1\" \/>\n<link rel=\"canonical\" href=\"https:\/\/agtek.com.tn\/\" \/>\n<meta property=\"og:locale\" content=\"en_US\" \/>\n<meta property=\"og:type\" content=\"article\" \/>\n<meta property=\"og:title\" content=\"Homepage - AGTEK\" \/>\n<meta property=\"og:description\" content=\"[vc_row full_width=&#8221;stretch_row&#8221; full_height=&#8221;yes&#8221; columns_placement=&#8221;top&#8221; content_placement=&#8221;top&#8221; vertical_slider=&#8221;true&#8221; css=&#8221;.vc_custom_1588349246776{margin-top: -90px !important;margin-bottom: 0px !important;border-top-width: 0px !important;border-bottom-width: 0px !important;padding-top: 0px !important;}&#8221;][vc_column css=&#8221;.vc_custom_1588347359568{margin-top: 0px !important;border-top-width:...\" \/>\n<meta property=\"og:url\" content=\"https:\/\/agtek.com.tn\/\" \/>\n<meta property=\"og:site_name\" content=\"AGTEK\" \/>\n<meta property=\"article:modified_time\" content=\"2021-02-16T10:19:29+00:00\" \/>\n<meta name=\"twitter:card\" content=\"summary_large_image\" \/>\n<meta name=\"twitter:label1\" content=\"Est. reading time\">\n\t<meta name=\"twitter:data1\" content=\"2 minutes\">\n<script type=\"application\/ld+json\" class=\"yoast-schema-graph\">{\"@context\":\"https:\/\/schema.org\",\"@graph\":[{\"@type\":\"WebSite\",\"@id\":\"https:\/\/agtek.com.tn\/#website\",\"url\":\"https:\/\/agtek.com.tn\/\",\"name\":\"AGTEK\",\"description\":\"Easy Agriculture\",\"potentialAction\":[{\"@type\":\"SearchAction\",\"target\":\"https:\/\/agtek.com.tn\/?s={search_term_string}\",\"query-input\":\"required name=search_term_string\"}],\"inLanguage\":\"en-US\"},{\"@type\":\"WebPage\",\"@id\":\"https:\/\/agtek.com.tn\/#webpage\",\"url\":\"https:\/\/agtek.com.tn\/\",\"name\":\"Homepage - AGTEK\",\"isPartOf\":{\"@id\":\"https:\/\/agtek.com.tn\/#website\"},\"datePublished\":\"2018-09-25T07:31:36+00:00\",\"dateModified\":\"2021-02-16T10:19:29+00:00\",\"breadcrumb\":{\"@id\":\"https:\/\/agtek.com.tn\/#breadcrumb\"},\"inLanguage\":\"en-US\",\"potentialAction\":[{\"@type\":\"ReadAction\",\"target\":[\"https:\/\/agtek.com.tn\/\"]}]},{\"@type\":\"BreadcrumbList\",\"@id\":\"https:\/\/agtek.com.tn\/#breadcrumb\",\"itemListElement\":[{\"@type\":\"ListItem\",\"position\":1,\"item\":{\"@type\":\"WebPage\",\"@id\":\"https:\/\/agtek.com.tn\/\",\"url\":\"https:\/\/agtek.com.tn\/\",\"name\":\"Home\"}},{\"@type\":\"ListItem\",\"position\":2,\"item\":{\"@type\":\"WebPage\",\"@id\":\"https:\/\/agtek.com.tn\/\",\"url\":\"https:\/\/agtek.com.tn\/\",\"name\":\"Homepage\"}}]}]}<\/script>\n<!-- \/ Yoast SEO plugin. -->","_links":{"self":[{"href":"https:\/\/agtek.com.tn\/index.php\/wp-json\/wp\/v2\/pages\/31636","targetHints":{"allow":["GET"]}}],"collection":[{"href":"https:\/\/agtek.com.tn\/index.php\/wp-json\/wp\/v2\/pages"}],"about":[{"href":"https:\/\/agtek.com.tn\/index.php\/wp-json\/wp\/v2\/types\/page"}],"author":[{"embeddable":true,"href":"https:\/\/agtek.com.tn\/index.php\/wp-json\/wp\/v2\/users\/1"}],"replies":[{"embeddable":true,"href":"https:\/\/agtek.com.tn\/index.php\/wp-json\/wp\/v2\/comments?post=31636"}],"version-history":[{"count":131,"href":"https:\/\/agtek.com.tn\/index.php\/wp-json\/wp\/v2\/pages\/31636\/revisions"}],"predecessor-version":[{"id":32811,"href":"https:\/\/agtek.com.tn\/index.php\/wp-json\/wp\/v2\/pages\/31636\/revisions\/32811"}],"wp:attachment":[{"href":"https:\/\/agtek.com.tn\/index.php\/wp-json\/wp\/v2\/media?parent=31636"}],"curies":[{"name":"wp","href":"https:\/\/api.w.org\/{rel}","templated":true}]}}