{"id":32482,"date":"2020-04-25T16:21:42","date_gmt":"2020-04-25T14:21:42","guid":{"rendered":"http:\/\/agtek.com.tn\/?page_id=32482"},"modified":"2021-02-16T12:04:06","modified_gmt":"2021-02-16T11:04:06","slug":"a-propos-de-agtek","status":"publish","type":"page","link":"https:\/\/agtek.com.tn\/index.php\/a-propos-de-agtek\/","title":{"rendered":"A propos de AGTEK"},"content":{"rendered":"<p>[vc_row full_width=&#8221;stretch_row&#8221; css=&#8221;.vc_custom_1588241691094{background: #2baf07 url(http:\/\/agtek.com.tn\/wp-content\/uploads\/2020\/04\/cows-1070201_1280_with_filter.jpg?id=32294) !important;background-position: center !important;background-repeat: no-repeat !important;background-size: cover !important;}&#8221;][vc_column][vc_column_text][\/vc_column_text][\/vc_column][\/vc_row][vc_row css=&#8221;.vc_custom_1588242655747{padding-top: 35px !important;padding-bottom: 35px !important;}&#8221; custom_css_code=&#8221;LmdlbS1idXR0b24lMjAlN0IlMEElMjAlMjAlMjAlMjBtYXJnaW4tcmlnaHQlM0ElMjAwJTNCJTBBJTdE&#8221;][vc_column css_animation=&#8221;none&#8221;][vc_column_text css_animation=&#8221;bottom-to-top&#8221;]<\/p>\n<h1><span style=\"color: #006633;\">Qui sommes-nous?<\/span><\/h1>\n<p>[\/vc_column_text]<div class=\"clearboth\"><\/div><div class=\"gem-divider \" style=\"margin-top: 50px;\"><\/div>[vc_column_text css_animation=&#8221;bottom-to-top&#8221;]<\/p>\n<h5>Nous sommes concepteur, d\u00e9veloppeur, fabriquant et fournisseur de solutions et technologies intelligentes dans le secteur de l&#8217;\u00e9levage laitier, engraissement bovin, gestion des troupeaux et irrigation.<\/h5>\n<p>[\/vc_column_text]<div class=\"clearboth\"><\/div><div class=\"gem-divider \" style=\"margin-top: 10pxpx;\"><\/div>[vc_column_text css_animation=&#8221;bottom-to-top&#8221;]<\/p>\n<h5>Le service aux agriculteurs fait aussi partie int\u00e9grale de nos activit\u00e9s.<\/h5>\n<p>[\/vc_column_text]<div class=\"clearboth\"><\/div><div class=\"gem-divider \" style=\"margin-top: 10px;\"><\/div>[vc_column_text css_animation=&#8221;bottom-to-top&#8221;]<\/p>\n<h5>Nous accompagnons nos clients et partenaires main dans la mains vers une activit\u00e9 agricole durable.<\/h5>\n<p>[\/vc_column_text][\/vc_column][\/vc_row][vc_row full_width=&#8221;stretch_row&#8221; css=&#8221;.vc_custom_1613473443694{padding-bottom: 25px !important;background-color: rgba(90,214,55,0.1) !important;*background-color: rgb(90,214,55) !important;}&#8221; custom_css_code=&#8221;LmdlbS1idXR0b24lMjAlN0IlMEElMjAlMjAlMjAlMjBtYXJnaW4tcmlnaHQlM0ElMjAwJTNCJTBBJTdE&#8221;][vc_column css_animation=&#8221;none&#8221; width=&#8221;1\/2&#8243;]<div class=\"gem-icon-with-text gem-icon-with-text-icon-size-small\"><div style=\"margin-bottom:0px;margin-top:0px; \" class=\"gem-icon-with-text-icon\"><div class=\"gem-icon gem-icon-pack-material gem-icon-size-small  gem-icon-shape-romb\" style=\"border-color: #a65353;opacity: 1;\"><div class=\"gem-icon-inner\" style=\"background-color: #a65353;\"><div class=\"romb-icon-conteiner\"><span class=\"gem-icon-half-1\" style=\"color: #ffffff;\"><span class=\"back-angle\">&#xf1ff;<\/span><\/span><span class=\"gem-icon-half-2\" style=\"color: #ffffff;\"><span class=\"back-angle\">&#xf1ff;<\/span><\/span><\/div><\/div><\/div><\/div><div class=\"gem-icon-with-text-content\" ><div class=\"gem-icon-with-text-text\">[vc_column_text css_animation=&#8221;bottom-to-top&#8221; css=&#8221;.vc_custom_1588242006165{padding-top: 12px !important;}&#8221;]<\/p>\n<h2><span style=\"color: #006633;\">Notre vision<\/span><\/h2>\n<p>[\/vc_column_text][vc_column_text css_animation=&#8221;bottom-to-top&#8221;]<\/p>\n<h6>Nous \u0153uvrons pour rendre possible\u00a0la\u00a0production\u00a0durable de lait et de viande.<br \/>\nNous\u00a0voulons faire \u00e9quipe\u00a0avec\u00a0nos partenaires agriculteurs et fermiers afin de les accompagner pour atteindre des r\u00e9sultats solides et durables.<\/h6>\n<p>[\/vc_column_text]<\/div><\/div><div class=\"clearboth\"><\/div><\/div>[\/vc_column][vc_column width=&#8221;1\/2&#8243;]<div class=\"gem-icon-with-text gem-icon-with-text-icon-size-small\"><div style=\"margin-bottom:0px;margin-top:0px; \" class=\"gem-icon-with-text-icon\"><div class=\"gem-icon gem-icon-pack-material gem-icon-size-small  gem-icon-shape-romb\" style=\"border-color: #a65353;opacity: 1;\"><div class=\"gem-icon-inner\" style=\"background-color: #a65353;\"><div class=\"romb-icon-conteiner\"><span class=\"gem-icon-half-1\" style=\"color: #ffffff;\"><span class=\"back-angle\">&#xf206;<\/span><\/span><span class=\"gem-icon-half-2\" style=\"color: #ffffff;\"><span class=\"back-angle\">&#xf206;<\/span><\/span><\/div><\/div><\/div><\/div><div class=\"gem-icon-with-text-content\" ><div class=\"gem-icon-with-text-text\">[vc_column_text css_animation=&#8221;bottom-to-top&#8221; css=&#8221;.vc_custom_1588241997478{padding-top: 12px !important;}&#8221;]<\/p>\n<h2><span style=\"color: #006633;\">Notre mission<\/span><\/h2>\n<p>[\/vc_column_text][vc_column_text css_animation=&#8221;bottom-to-top&#8221;]<\/p>\n<h6>Notre mission et d\u2019innover et de mettre \u00e0 disposition de nos clients des technologies adapt\u00e9es \u00e0 leurs quotidiens et capacit\u00e9s financi\u00e8res.<br \/>\nNous nous rendons disponibles pour\u00a0le client, 24h\/24.<\/h6>\n<p>[\/vc_column_text]<\/div><\/div><div class=\"clearboth\"><\/div><\/div>[\/vc_column][\/vc_row][vc_row full_width=&#8221;stretch_row&#8221; equal_height=&#8221;yes&#8221; content_placement=&#8221;middle&#8221; css=&#8221;.vc_custom_1587822809121{padding-bottom: 15px !important;background-color: #dddddd !important;}&#8221;][vc_column width=&#8221;8\/12&#8243;][vc_column_text]<\/p>\n<h6><span class=\"letter-spacing\" style=\"color: #006633;\">Nous contacter d\u00e8s aujourd\u2019hui pour toute information technique ou sur les prix<\/span><\/h6>\n<p>[\/vc_column_text][\/vc_column][vc_column width=&#8221;4\/12&#8243;][vc_btn title=&#8221;Nous contacter&#8221; color=&#8221;green&#8221; align=&#8221;left&#8221; link=&#8221;url:http%3A%2F%2Fagtek.com.tn%2Findex.php%2Fnous-contacter%2F|title:Nous%20contacter&#8221;][\/vc_column][\/vc_row]<\/p>\n","protected":false},"excerpt":{"rendered":"<p>[vc_row full_width=&#8221;stretch_row&#8221; css=&#8221;.vc_custom_1588241691094{background: #2baf07 url(http:\/\/agtek.com.tn\/wp-content\/uploads\/2020\/04\/cows-1070201_1280_with_filter.jpg?id=32294) !important;background-position: center !important;background-repeat: no-repeat !important;background-size: cover !important;}&#8221;][vc_column][vc_column_text][\/vc_column_text][\/vc_column][\/vc_row][vc_row css=&#8221;.vc_custom_1588242655747{padding-top: 35px !important;padding-bottom: 35px !important;}&#8221; custom_css_code=&#8221;LmdlbS1idXR0b24lMjAlN0IlMEElMjAlMjAlMjAlMjBtYXJnaW4tcmlnaHQlM0ElMjAwJTNCJTBBJTdE&#8221;][vc_column css_animation=&#8221;none&#8221;][vc_column_text css_animation=&#8221;bottom-to-top&#8221;]&#8230;<\/p>\n","protected":false},"author":1,"featured_media":0,"parent":0,"menu_order":0,"comment_status":"closed","ping_status":"closed","template":"","meta":{"footnotes":""},"class_list":["post-32482","page","type-page","status-publish"],"yoast_head":"<!-- This site is optimized with the Yoast SEO plugin v15.8 - https:\/\/yoast.com\/wordpress\/plugins\/seo\/ -->\n<title>A propos de AGTEK - AGTEK<\/title>\n<meta name=\"robots\" content=\"index, follow, max-snippet:-1, max-image-preview:large, max-video-preview:-1\" \/>\n<link rel=\"canonical\" href=\"https:\/\/agtek.com.tn\/index.php\/a-propos-de-agtek\/\" \/>\n<meta property=\"og:locale\" content=\"en_US\" \/>\n<meta property=\"og:type\" content=\"article\" \/>\n<meta property=\"og:title\" content=\"A propos de AGTEK - AGTEK\" \/>\n<meta property=\"og:description\" content=\"[vc_row full_width=&#8221;stretch_row&#8221; css=&#8221;.vc_custom_1588241691094{background: #2baf07 url(http:\/\/agtek.com.tn\/wp-content\/uploads\/2020\/04\/cows-1070201_1280_with_filter.jpg?id=32294) !important;background-position: center !important;background-repeat: no-repeat !important;background-size: cover !important;}&#8221;][vc_column][vc_column_text][\/vc_column_text][\/vc_column][\/vc_row][vc_row css=&#8221;.vc_custom_1588242655747{padding-top: 35px !important;padding-bottom: 35px !important;}&#8221; custom_css_code=&#8221;LmdlbS1idXR0b24lMjAlN0IlMEElMjAlMjAlMjAlMjBtYXJnaW4tcmlnaHQlM0ElMjAwJTNCJTBBJTdE&#8221;][vc_column css_animation=&#8221;none&#8221;][vc_column_text css_animation=&#8221;bottom-to-top&#8221;]...\" \/>\n<meta property=\"og:url\" content=\"https:\/\/agtek.com.tn\/index.php\/a-propos-de-agtek\/\" \/>\n<meta property=\"og:site_name\" content=\"AGTEK\" \/>\n<meta property=\"article:modified_time\" content=\"2021-02-16T11:04:06+00:00\" \/>\n<meta name=\"twitter:card\" content=\"summary_large_image\" \/>\n<meta name=\"twitter:label1\" content=\"Est. reading time\">\n\t<meta name=\"twitter:data1\" content=\"1 minute\">\n<script type=\"application\/ld+json\" class=\"yoast-schema-graph\">{\"@context\":\"https:\/\/schema.org\",\"@graph\":[{\"@type\":\"WebSite\",\"@id\":\"https:\/\/agtek.com.tn\/#website\",\"url\":\"https:\/\/agtek.com.tn\/\",\"name\":\"AGTEK\",\"description\":\"Easy Agriculture\",\"potentialAction\":[{\"@type\":\"SearchAction\",\"target\":\"https:\/\/agtek.com.tn\/?s={search_term_string}\",\"query-input\":\"required name=search_term_string\"}],\"inLanguage\":\"en-US\"},{\"@type\":\"WebPage\",\"@id\":\"https:\/\/agtek.com.tn\/index.php\/a-propos-de-agtek\/#webpage\",\"url\":\"https:\/\/agtek.com.tn\/index.php\/a-propos-de-agtek\/\",\"name\":\"A propos de AGTEK - AGTEK\",\"isPartOf\":{\"@id\":\"https:\/\/agtek.com.tn\/#website\"},\"datePublished\":\"2020-04-25T14:21:42+00:00\",\"dateModified\":\"2021-02-16T11:04:06+00:00\",\"breadcrumb\":{\"@id\":\"https:\/\/agtek.com.tn\/index.php\/a-propos-de-agtek\/#breadcrumb\"},\"inLanguage\":\"en-US\",\"potentialAction\":[{\"@type\":\"ReadAction\",\"target\":[\"https:\/\/agtek.com.tn\/index.php\/a-propos-de-agtek\/\"]}]},{\"@type\":\"BreadcrumbList\",\"@id\":\"https:\/\/agtek.com.tn\/index.php\/a-propos-de-agtek\/#breadcrumb\",\"itemListElement\":[{\"@type\":\"ListItem\",\"position\":1,\"item\":{\"@type\":\"WebPage\",\"@id\":\"https:\/\/agtek.com.tn\/\",\"url\":\"https:\/\/agtek.com.tn\/\",\"name\":\"Home\"}},{\"@type\":\"ListItem\",\"position\":2,\"item\":{\"@type\":\"WebPage\",\"@id\":\"https:\/\/agtek.com.tn\/index.php\/a-propos-de-agtek\/\",\"url\":\"https:\/\/agtek.com.tn\/index.php\/a-propos-de-agtek\/\",\"name\":\"A propos de AGTEK\"}}]}]}<\/script>\n<!-- \/ Yoast SEO plugin. -->","_links":{"self":[{"href":"https:\/\/agtek.com.tn\/index.php\/wp-json\/wp\/v2\/pages\/32482","targetHints":{"allow":["GET"]}}],"collection":[{"href":"https:\/\/agtek.com.tn\/index.php\/wp-json\/wp\/v2\/pages"}],"about":[{"href":"https:\/\/agtek.com.tn\/index.php\/wp-json\/wp\/v2\/types\/page"}],"author":[{"embeddable":true,"href":"https:\/\/agtek.com.tn\/index.php\/wp-json\/wp\/v2\/users\/1"}],"replies":[{"embeddable":true,"href":"https:\/\/agtek.com.tn\/index.php\/wp-json\/wp\/v2\/comments?post=32482"}],"version-history":[{"count":56,"href":"https:\/\/agtek.com.tn\/index.php\/wp-json\/wp\/v2\/pages\/32482\/revisions"}],"predecessor-version":[{"id":32486,"href":"https:\/\/agtek.com.tn\/index.php\/wp-json\/wp\/v2\/pages\/32482\/revisions\/32486"}],"wp:attachment":[{"href":"https:\/\/agtek.com.tn\/index.php\/wp-json\/wp\/v2\/media?parent=32482"}],"curies":[{"name":"wp","href":"https:\/\/api.w.org\/{rel}","templated":true}]}}